{"id":232,"date":"2025-07-18T18:55:44","date_gmt":"2025-07-18T18:55:44","guid":{"rendered":"https:\/\/bemee.net\/?post_type=testimonios&#038;p=232"},"modified":"2025-08-18T16:13:03","modified_gmt":"2025-08-18T16:13:03","slug":"isabel-sarellano-2","status":"publish","type":"testimonios","link":"https:\/\/bemee.net\/en\/testimonios\/isabel-sarellano-2\/","title":{"rendered":"Isabel Sarellano"},"content":{"rendered":"<p>\u201cGracias M\u00e9lida por tu coraz\u00f3n de oro, por pensar en quienes so\u00f1amos con algo m\u00e1s. Nos ense\u00f1aste a parar, a conocernos, y a entender que este viaje es tambi\u00e9n para transformar comunidades.\u201d<\/p>","protected":false},"featured_media":0,"template":"","categoria_testimonio":[26],"eventos_realizados":[],"class_list":["post-232","testimonios","type-testimonios","status-publish","hentry","categoria_testimonio-comunidad-y-mentoria"],"acf":[],"_links":{"self":[{"href":"https:\/\/bemee.net\/en\/wp-json\/wp\/v2\/testimonios\/232","targetHints":{"allow":["GET"]}}],"collection":[{"href":"https:\/\/bemee.net\/en\/wp-json\/wp\/v2\/testimonios"}],"about":[{"href":"https:\/\/bemee.net\/en\/wp-json\/wp\/v2\/types\/testimonios"}],"wp:attachment":[{"href":"https:\/\/bemee.net\/en\/wp-json\/wp\/v2\/media?parent=232"}],"wp:term":[{"taxonomy":"categoria_testimonio","embeddable":true,"href":"https:\/\/bemee.net\/en\/wp-json\/wp\/v2\/categoria_testimonio?post=232"},{"taxonomy":"eventos_realizados","embeddable":true,"href":"https:\/\/bemee.net\/en\/wp-json\/wp\/v2\/eventos_realizados?post=232"}],"curies":[{"name":"wp","href":"https:\/\/api.w.org\/{rel}","templated":true}]}}

<p>“Gracias Mélida por tu corazón de oro, por pensar en quienes soñamos con algo más. Nos enseñaste a parar, a conocernos, y a entender que este viaje es también para transformar comunidades.”</p>
