{"id":4947,"date":"2026-04-14T20:06:34","date_gmt":"2026-04-14T20:06:34","guid":{"rendered":"https:\/\/bemee.net\/?post_type=podcast&#038;p=4947"},"modified":"2026-04-14T20:16:55","modified_gmt":"2026-04-14T20:16:55","slug":"renacer-no-fue-una-opcion-fue-una-decision","status":"publish","type":"podcast","link":"https:\/\/bemee.net\/en\/podcast\/renacer-no-fue-una-opcion-fue-una-decision\/","title":{"rendered":"Renacer no fue una opci\u00f3n: fue una decisi\u00f3n"},"content":{"rendered":"","protected":false},"excerpt":{"rendered":"<p>Una conversaci\u00f3n profunda sobre lo que pasa cuando la vida te detiene\u2026 y aun as\u00ed decides reconstruirte. Una historia de resiliencia, sanaci\u00f3n y prop\u00f3sito.<\/p>","protected":false},"featured_media":0,"template":"","tematica_podcast":[35],"class_list":["post-4947","podcast","type-podcast","status-publish","hentry","tematica_podcast-bienestar-y-gestion-del-tiempo"],"acf":[],"_links":{"self":[{"href":"https:\/\/bemee.net\/en\/wp-json\/wp\/v2\/podcast\/4947","targetHints":{"allow":["GET"]}}],"collection":[{"href":"https:\/\/bemee.net\/en\/wp-json\/wp\/v2\/podcast"}],"about":[{"href":"https:\/\/bemee.net\/en\/wp-json\/wp\/v2\/types\/podcast"}],"wp:attachment":[{"href":"https:\/\/bemee.net\/en\/wp-json\/wp\/v2\/media?parent=4947"}],"wp:term":[{"taxonomy":"tematica_podcast","embeddable":true,"href":"https:\/\/bemee.net\/en\/wp-json\/wp\/v2\/tematica_podcast?post=4947"}],"curies":[{"name":"wp","href":"https:\/\/api.w.org\/{rel}","templated":true}]}}

Renacer no fue una opción: fue una decisión

<p>Una conversación profunda sobre lo que pasa cuando la vida te detiene… y aun así decides reconstruirte. Una historia de resiliencia, sanación y propósito.</p>
